 = -3*i(p) - l(p). What is the units digit of x(7)?
8
Let z(p) = -628*p - 162. What is the tens digit of z(-52)?
9
Let a be (645 - 13)*(2 + 0). Let j = 1879 - a. Suppose 5*r + 0*r = j. What is the hundreds digit of r?
1
What is the thousands digit of (-44)/(-4) + (-83 - -16195)?
6
Suppose -150*z + 149*z - 4*f + 4638 = 0, -5*z + 23304 = f. What is the hundreds digit of z?
6
Let d(k) = k**2 + 8*k + 11. Let g be d(-5). Let o be (-3)/((-6)/g) + 26. Suppose 3 = -w, -2*z = -5*w - 101 - o. What is the tens digit of z?
5
Suppose 2380 = i + 3*g, g - 7328 = -5*i + 4628. Suppose 24*z - 2096 = i. What is the hundreds digit of z?
1
What is the ten thousands digit of (368210/40)/(2/3*6/16)?
3
Let n = 745 + -371. Suppose -55*y = -62*y + 1596. Suppose -3*s + 3*h + n = 2*s, -3*s + 3*h = -y. What is the units digit of s?
3
Suppose -65490 = -25*n - 29668 + 92903. What is the tens digit of n?
4
Suppose 19 = 4*p - 45. Suppose 303 = p*u - 13*u. Suppose 0 = -4*f + i + 83 + u, 4*i = -4*f + 184. What is the units digit of f?
6
Suppose -4*s + 9*s - m - 31 = 0, 0 = -5*m - 5. Suppose -11*w + 25 = -s*w. Suppose i - 3*i = 0, 55 = w*p - 3*i. What is the tens digit of p?
1
Let u(r) = 8*r**3 + 11*r**2 - 52*r + 22. What is the thousands digit of u(7)?
2
Let j be 4/(-5 + 9)*(-1 - -28). Let u be (-5)/(-45) - (3 - (-10587)/j). Let w = -263 - u. What is the tens digit of w?
3
Suppose 5*n - 2*v - 38907 = -7577, 3*v = -4*n + 25041. What is the tens digit of n?
6
Let g(u) = -u - 4. Let r be g(-4). Let s be 2 + 2 - r - 0. Suppose 3*h - 4*x - 17 - 327 = 0, -s*h + 2*x = -472. What is the hundreds digit of h?
1
Let t(v) = -2*v**2 + 20*v + 37. Let a be t(18). What is the units digit of (-3 - 6*-1) + -4 - a?
0
Let a(v) be the second derivative of -v**3/6 + 48*v**2 - 20*v - 3. What is the tens digit of a(16)?
8
Suppose 3*z + 2*i - 12053 = 0, -68*z + 71*z = -4*i + 12055. What is the thousands digit of z?
4
Suppose 4*d = 3*u + 154920, -116192 = -3*d + 10*u - 8*u. What is the thousands digit of d?
8
Suppose 0*h = -2*h - 2*f + 520, 5*h + f = 1284. Suppose -12*s = -11*s - h. What is the tens digit of s?
5
Let h(b) = -b**3 - 114*b**2 - 75*b - 1716. What is the ten thousands digit of h(-115)?
2
Let v(n) = 109*n**2 + 14*n + 36. Let b be -1 + 1 + 21/3 + -10. What is the hundreds digit of v(b)?
9
Let d be (8 + -5)/((-9)/636). Let s = -78 - d. What is the hundreds digit of s?
1
Suppose 4264 + 1154 = 7*p. Let u = p + -380. What is the tens digit of u?
9
Let r be ((-34)/(-5))/(0 - 1/(-5)). Suppose -k + r - 16 = 0. Suppose 6*j - 6 = k. What is the units digit of j?
4
Let b be 4 + -58 + (0 - -3). Let k be b/255 - (102/(-5))/2. What is the units digit of -3*1*(-3*k + 6)?
2
Let z = 224 + -174. Let x be (-24)/14*-1*14. Suppose -x*u = -22*u - z. What is the units digit of u?
5
Let k(r) = 85*r**2 + 14*r - 37. Let v = 136 + -133. Let u be k(v). Suppose -u = -9*p - 2*p. What is the units digit of p?
0
Let f = 24982 - 13457. What is the units digit of f?
5
Let a be -5 + 7 + (-10)/(-4)*-8. Let p be 4/a + (-336)/(-54). Let n(z) = z**3 - 6*z**2 + 7*z - 1. What is the units digit of n(p)?
1
Suppose 17*x = 6*x - 48413 + 153771. What is the thousands digit of x?
9
Let d(j) = 69*j**2 + 40*j - 16. What is the thousands digit of d(4)?
1
Suppose -62*t + 4525 = -57*t. Suppose -9*v + t = -4*v. What is the units digit of v?
1
Let s be (20 - 20)/(4/((-12)/(-9))). Suppose 4*f + t - 469 = 3523, -2*f - 5*t + 1978 = s. What is the units digit of f?
9
Let l(m) = m**3 - 10*m**2 + 10*m - 7. Let z be l(9). Suppose 1713 = w + z*w. What is the units digit of w?
1
Suppose 8 = 3*p + 4*g, -7*g - 21 = -4*p - 2*g. Suppose -5 = p*n + 15, -y - n = 0. Suppose m = -5*d + 76, 0*m - y*d - 122 = -2*m. What is the tens digit of m?
6
Suppose -4*q = -32 - 0. What is the units digit of 325 - 0 - (5 - (-3 + q))?
5
Let w be ((-3790)/3)/((-156)/234). Let q = w + -1120. What is the units digit of q?
5
Let m = 16981 + -9271. What is the hundreds digit of m?
7
Let v(u) = -u - 5. Let z = -102 + 97. Let c be v(z). Suppose 2*m + d + 2*d - 287 = c, -448 = -3*m - d. What is the units digit of m?
1
Let x(k) be the third derivative of 337*k**4/24 + 8*k**3/3 + 119*k**2. What is the tens digit of x(3)?
2
Let t(y) = 3*y**2 - 93*y + 691. What is the hundreds digit of t(104)?
4
Let h(i) be the second derivative of -7*i**3/3 + 17*i**2/2 - 4*i. Let v be h(-9). Let m = v + -101. What is the tens digit of m?
4
Suppose 0 = q + 5*s - 44517 - 9128, -9*s - 36 = 0. What is the hundreds digit of q?
6
Let q(v) = v - 9. Let m be q(11). Let g be m/(-9) - 94/(-18). Suppose 11*k = g*k + 564. What is the tens digit of k?
9
Suppose -2127417 + 319118 = -52*b + 2171313. What is the hundreds digit of b?
5
Let g be -1*(3 - 260/5). Suppose r = k - g, 5*r = k - 17 - 48. Suppose -2*x + 41 + k = 0. What is the units digit of x?
3
Suppose 24 = -6*v + 276. What is the hundreds digit of (-4628)/(-14) + -11 + 480/v?
3
Suppose -2*q + 33588 = 5*p + 3261, 3*q + 6079 = p. What is the tens digit of p?
6
Let s = 48107 + -31868. What is the hundreds digit of s?
2
Let k(h) = 4*h**2 - 5*h - 3207. What is the units digit of k(53)?
4
Suppose 9308 = -222*p + 223*p. What is the thousands digit of p?
9
Suppose -201*a - 2*k = -197*a - 54018, -13487 = -a - 4*k. What is the tens digit of a?
0
Suppose 74409 = -12*a + 42*a - 26391. What is the hundreds digit of a?
3
Suppose -88785 = 15*t - 227025. Suppose -66*b - t = -82*b. What is the tens digit of b?
7
Let x(t) = 5*t**2 - 46*t - 479. What is the units digit of x(39)?
2
What is the tens digit of (-22817)/(-5) - ((-45)/(-25) + 76/(-190))?
6
Let w(u) = 88*u + 1263. What is the tens digit of w(60)?
4
Suppose 192*c - 210*c = -343260. What is the units digit of c?
0
Let s be (-1)/(-4) - (-396)/16. Suppose 7*n - 3*n = -5*z - s, -5*z - 25 = -5*n. What is the tens digit of ((-158)/(-1))/(7 + z)?
7
Suppose -205*q + 5643327 = 38*q - 2184432. What is the thousands digit of q?
2
What is the hundreds digit of 15 + (16 - 21) + 27034?
0
Let p(x) be the first derivative of -9*x**3/2 - 3*x**2 - 14*x - 14. Let d(n) be the first derivative of p(n). What is the units digit of d(-11)?
1
Let v = 153186 + -108979. What is the units digit of v?
7
Let w(q) = q**3 + 5*q**2 - 6*q + 1. Suppose 6*m - 5*m + 6 = 0. Let u be w(m). What is the units digit of (2 + -2 - u) + -2 + 18?
5
Let v(z) = z**3 - 17*z**2 + 131 - 43 + 8*z - 36. What is the tens digit of v(19)?
2
What is the thousands digit of 2/((-8)/(-1) - (-3164280)/(-395540))?
9
Let q(d) = -d**3 - d + 233. Let h be q(0). Let v = -101 + h. Suppose 88 = 3*y + 4*s, y - 2*s = -3*y + v. What is the units digit of y?
2
Suppose -7*i - 80 = -27*i. Suppose -i*m - 21*l + 384 = -17*l, 91 = m + 2*l. What is the hundreds digit of m?
1
Let r be (-2*(-37)/8)/((-15)/(-120)). Let d = r + -92. What is the units digit of -3*((-826)/12 + d/(-12))?
2
Let m(f) = 52145*f + 96. What is the units digit of m(1)?
1
Let l(p) be the first derivative of -p**3/6 + 7*p**2/2 - 2*p - 11. Let y(n) be the first derivative of l(n). What is the tens digit of y(-3)?
1
Let w = 8006 + 894. What is the tens digit of w?
0
Suppose 45 - 6 = 13*v. Suppose -4*n - 174 = -5*x, 0*n + v*n = -3. What is the units digit of x?
4
What is the hundreds digit of (-23383)/(-2)*-2*5/(5 + -10)?
3
Let u = 6993 + -575. What is the tens digit of u?
1
Suppose 4*i - 381 = 3*m, -m = 2 - 3. Let f = -19 + i. Suppose -q = 4*s + q - 162, 5*q = -2*s + f. What is the tens digit of s?
4
Let q = 64 - 36. Suppose q + 140 = -12*d. Let t(s) = -13*s - 2. What is the units digit of t(d)?
0
Suppose -n = 3*n - 12. Suppose -3*p + 45 = 3*x, n = p - 7*x + 11*x. What is the units digit of p?
9
Let w be (-3)/2 + 221/(-2). Let f be w + -2 + (2 - 4). Let c = 14 - f. What is the tens digit of c?
3
Suppose -2*r - 3*r = -4*w - 19, 0 = -4*r - 4*w + 44. Suppose 3*u = r*u + 24. What is the tens digit of (-1054)/(-14) - u/(-21)?
7
What is the thousands digit of ((-6)/3)/(2 + (-6)/(97506/32505))?
0
Let d(h) = 2*h + 19. Let a be d(0). Let c be a - (4 - 3) - -4. Let o = c - -57. What is the units digit of o?
9
What is the hundreds digit of ((-1384)/(-5536))/(2/(-27)*9/(-85992))?
2
Let w(v) = -3*v**2 - 13*v - 66. Let h be w(-9). Let y = h + 721. What is the tens digit of y?
2
Suppose -74*f - 363481 - 422419 = -99*f. What is the ten th